{"id":22726,"date":"2024-01-17T20:33:59","date_gmt":"2024-01-18T02:33:59","guid":{"rendered":"https:\/\/newpublica.net\/leadership-and-staff\/francisco-segovia\/"},"modified":"2026-02-19T15:39:53","modified_gmt":"2026-02-19T21:39:53","slug":"francisco-segovia","status":"publish","type":"leadership-and-staff","link":"https:\/\/copalmn.org\/es\/leadership-and-staff\/francisco-segovia\/","title":{"rendered":"Francisco S."},"content":{"rendered":"\n<p>Informaci\u00f3n de contacto: <a href=\"mailto:info@copalmn.org\">info@copalmn.org<\/a> | (612) 255-3112<\/p>\n\n<p>Francisco E. Segovia es un l\u00edder visionario con una distinguida carrera de m\u00e1s de dos d\u00e9cadas, dedicado a fomentar redes de colaboraci\u00f3n y alianzas entre diversas comunidades. Con un compromiso inquebrantable para lograr un cambio significativo, Francisco ha dedicado su carrera a desmantelar las barreras que constri\u00f1en las oportunidades de las personas. <\/p>\n\n<p>Durante catorce impactantes a\u00f1os, Francisco ejerci\u00f3 de director del Waite House Center en el sur de Minneapolis, impulsando un cambio transformador al aprovechar su pasi\u00f3n, previsi\u00f3n y amplia experiencia. Su mandato se caracteriz\u00f3 por la facilitaci\u00f3n del desarrollo del liderazgo de base, la prestaci\u00f3n de servicios basados en activos, el cultivo de la autosuficiencia y la ferviente defensa del cambio sist\u00e9mico a escala local y estatal. <\/p>\n\n<p>Impulsado por una pasi\u00f3n inquebrantable por la justicia y la equidad, Francisco se embarc\u00f3 en un nuevo cap\u00edtulo, fundando COPAL, una organizaci\u00f3n latina basada en sus miembros. Bajo su direcci\u00f3n, COPAL ha evolucionado hasta convertirse en una fuerza influyente, dedicada a impulsar resultados m\u00e1s equitativos y a ayudar a miles de latinos de todo Minnesota en diversas \u00e1reas. Gracias a sus esfuerzos, COPAL ha desempe\u00f1ado un papel fundamental en la aprobaci\u00f3n de leyes importantes, convirti\u00e9ndose en una voz fiable e influyente para las comunidades latinas en todo el estado y a escala nacional.  <\/p>\n\n<p>Adem\u00e1s de su papel en COPAL, Francisco participa activamente en la Iniciativa de Estudios C\u00edvicos de Minnesota, un proyecto fundamental de la Facultad de Educaci\u00f3n y Desarrollo Humano de la Universidad de Minnesota, que facilita di\u00e1logos entre l\u00edderes que representan diversos puntos de vista pol\u00edticos.<\/p>\n\n<p>Francisco lidera la visi\u00f3n estrat\u00e9gica de COPAL, empleando una perspectiva global a la vez que emprende acciones localizadas para allanar el camino hacia un futuro mejor para Latines en Minnesota. Su compromiso de lograr un cambio positivo y duradero se hace patente en el impacto transformador de COPAL, que impulsa una sociedad m\u00e1s justa y equitativa para todos los latinos. <\/p>\n\n<p>Para cualquier consulta o para ponerte en contacto con Francisco, escr\u00edbele a Franciscos@copalmn.org<\/p>\n\n<p><\/p>\n","protected":false},"excerpt":{"rendered":"<p>Director Ejecutivo<\/p>\n","protected":false},"featured_media":27749,"parent":0,"template":"","departament":[23],"class_list":["post-22726","leadership-and-staff","type-leadership-and-staff","status-publish","has-post-thumbnail","hentry","departament-executive-leadership"],"acf":[],"_links":{"self":[{"href":"https:\/\/copalmn.org\/es\/wp-json\/wp\/v2\/leadership-and-staff\/22726","targetHints":{"allow":["GET"]}}],"collection":[{"href":"https:\/\/copalmn.org\/es\/wp-json\/wp\/v2\/leadership-and-staff"}],"about":[{"href":"https:\/\/copalmn.org\/es\/wp-json\/wp\/v2\/types\/leadership-and-staff"}],"wp:featuredmedia":[{"embeddable":true,"href":"https:\/\/copalmn.org\/es\/wp-json\/wp\/v2\/media\/27749"}],"wp:attachment":[{"href":"https:\/\/copalmn.org\/es\/wp-json\/wp\/v2\/media?parent=22726"}],"wp:term":[{"taxonomy":"departament","embeddable":true,"href":"https:\/\/copalmn.org\/es\/wp-json\/wp\/v2\/departament?post=22726"}],"curies":[{"name":"wp","href":"https:\/\/api.w.org\/{rel}","templated":true}]}}

<p>Información de contacto: <a href="mailto:info@copalmn.org">info@copalmn.org</a> | (612) 255-3112</p>

<p>Francisco E. Segovia es un líder visionario con una distinguida carrera de más de dos décadas, dedicado a fomentar redes de colaboración y alianzas entre diversas comunidades. Con un compromiso inquebrantable para lograr un cambio significativo, Francisco ha dedicado su carrera a desmantelar las barreras que constriñen las oportunidades de las personas. </p>

<p>Durante catorce impactantes años, Francisco ejerció de director del Waite House Center en el sur de Minneapolis, impulsando un cambio transformador al aprovechar su pasión, previsión y amplia experiencia. Su mandato se caracterizó por la facilitación del desarrollo del liderazgo de base, la prestación de servicios basados en activos, el cultivo de la autosuficiencia y la ferviente defensa del cambio sistémico a escala local y estatal. </p>

<p>Impulsado por una pasión inquebrantable por la justicia y la equidad, Francisco se embarcó en un nuevo capítulo, fundando COPAL, una organización latina basada en sus miembros. Bajo su dirección, COPAL ha evolucionado hasta convertirse en una fuerza influyente, dedicada a impulsar resultados más equitativos y a ayudar a miles de latinos de todo Minnesota en diversas áreas. Gracias a sus esfuerzos, COPAL ha desempeñado un papel fundamental en la aprobación de leyes importantes, convirtiéndose en una voz fiable e influyente para las comunidades latinas en todo el estado y a escala nacional.  </p>

<p>Además de su papel en COPAL, Francisco participa activamente en la Iniciativa de Estudios Cívicos de Minnesota, un proyecto fundamental de la Facultad de Educación y Desarrollo Humano de la Universidad de Minnesota, que facilita diálogos entre líderes que representan diversos puntos de vista políticos.</p>

<p>Francisco lidera la visión estratégica de COPAL, empleando una perspectiva global a la vez que emprende acciones localizadas para allanar el camino hacia un futuro mejor para Latines en Minnesota. Su compromiso de lograr un cambio positivo y duradero se hace patente en el impacto transformador de COPAL, que impulsa una sociedad más justa y equitativa para todos los latinos. </p>

<p>Para cualquier consulta o para ponerte en contacto con Francisco, escríbele a Franciscos@copalmn.org</p>

<p></p>
